{"id":669,"date":"2018-06-01T08:48:46","date_gmt":"2018-06-01T08:48:46","guid":{"rendered":"http:\/\/www.glorialerin.com\/terapias\/?page_id=669"},"modified":"2018-06-01T08:53:16","modified_gmt":"2018-06-01T08:53:16","slug":"aviso-legal","status":"publish","type":"page","link":"https:\/\/www.glorialerin.com\/terapias\/aviso-legal\/","title":{"rendered":"Aviso Legal"},"content":{"rendered":"<p><strong>Condiciones generales de uso del sitio web <\/strong><\/p>\n<p><strong>Informaci\u00f3n general<\/strong><\/p>\n<p>L\u2019EIX-AMPLE, CENTRO CREATIVO DEL MOVIMIENTO, con CIF n\u00fam. 37724003R y domicilio en la calle Bruc 125 Bajos, 08037 Barcelona, se encuentra inscrita en el Registro Mercantil de Barcelona, tomo 34.506, folio 184, hoja B-248890, inscripci\u00f3n 1.\u00aa Tel\u00e9fono: 93 457 61 40 \u00a0Direcci\u00f3n electr\u00f3nica: <a href=\"mailto:info@glorialerin.com\">info@glorialerin.com<\/a>.<\/p>\n<p><strong>Objeto <\/strong><\/p>\n<p>El objeto de las presentes condiciones generales es regular el acceso y el uso que pueden hacer los usuarios del sitio web corporativo de L\u2019EIX-AMPLE, que actualmente se encuentra en la URL <a href=\"http:\/\/www.glorialerin.com\">www.glorialerin.com<\/a>. Algunos servicios del sitio web accesibles por los usuarios de Internet o exclusivos para los clientes de l\u2019Eix-ample pueden estar sujetos a condiciones particulares, reglamentos y normas que, en su caso, substituyen, complementan y\/o modifican las presentes condiciones generales de uso del sitio web y que deber\u00e1n ser aceptadas por el usuario antes de iniciarse la prestaci\u00f3n de servicios correspondiente. Para la contrataci\u00f3n del alta online y su formalizaci\u00f3n, l\u2019Eix-ample facilita en el sitio web de forma previa las condiciones de contrataci\u00f3n del alta online, como condiciones particulares que deber\u00e1n ser expresamente aceptadas por el usuario. El usuario al acceder al sitio web queda sujeto a las presentes condiciones generales de uso y al contenido de los avisos legales, pol\u00edticas de privacidad y protecci\u00f3n de datos personales, pol\u00edticas de cookies y restantes textos legales que, en su caso, pueda haber en este sitio web en cada momento. El acceso y el uso de la web corporativa suponen la aceptaci\u00f3n de las presentes condiciones generales en la versi\u00f3n publicada en cada momento y la sumisi\u00f3n a las mismas.<\/p>\n<p><strong>Acceso y uso de la web <\/strong><\/p>\n<p>El acceso y el uso de la web corporativa tienen car\u00e1cter gratuito para los usuarios y no exige el registro previo del usuario con car\u00e1cter general. No obstante, el acceso y el uso de determinadas informaciones y servicios ofrecidos a trav\u00e9s de la web corporativa s\u00f3lo puede hacerse previo registro del usuario. En el caso del registro de usuarios a trav\u00e9s de identificadores y contrase\u00f1as, tanto el identificador como la contrase\u00f1a pertenecer\u00e1n exclusivamente a la persona a la que se conceden. El usuario deber\u00e1 mantener bajo su exclusiva responsabilidad tanto el identificador como la contrase\u00f1a en la m\u00e1s estricta y absoluta confidencialidad y deber\u00e1 asumir, por tanto, todos los da\u00f1os y consecuencias de cualquier tipo que se deriven de la ruptura o revelaci\u00f3n del secreto. Los usuarios quedan obligados a no hacer un mal uso de la web corporativa ni a desarrollar actividades contrarias a las leyes, la moral, el orden p\u00fablico, la buena fe y, en general, contrarias a las presentes condiciones generales. El usuario se abstendr\u00e1 de obtener, o de intentar obtener, los contenidos de la web corporativa, excepto en aquellos casos en los que se hayan puesto medios o procedimientos a su disposici\u00f3n para obtenerlos. L\u2019Eix-ample se reserva el derecho a denegar o retirar el acceso al sitio web y\/o servicios contenidos en ella, en cualquier momento y sin necesidad de preaviso a cualquier usuario que no cumpla con lo establecido en las presentes condiciones y en especial, con lo establecido en el p\u00e1rrafo anterior.<\/p>\n<p><strong>Propiedad intelectual e industrial <\/strong><\/p>\n<p>La propiedad intelectual de los contenidos de la web corporativa, a t\u00edtulo enunciativo pero no limitativo, la informaci\u00f3n, los datos, textos, fotograf\u00edas, gr\u00e1ficos, otros contenidos audiovisuales o sonoros, bases de datos, dise\u00f1os, c\u00f3digos fuente, tecnolog\u00eda, software, estructuras de navegaci\u00f3n y otros servicios o productos telem\u00e1ticos son titularidad exclusiva de l\u2019Eix-ample para todo el mundo y durante toda la vida legal de los mismos. Todas las se\u00f1ales distintivas, como marcas, nombres comerciales o signos distintivos que aparecen en la web corporativa est\u00e1n protegidas por la legislaci\u00f3n vigente en materia de marcas, y son titularidad exclusiva de l\u2019Eix-ample, motivo por el que los usuarios no podr\u00e1n realizar ninguna reproducci\u00f3n, comunicaci\u00f3n, explotaci\u00f3n o utilizaci\u00f3n, salvo que tengan el consentimiento previo y por escrito del titular de dichas se\u00f1ales. Determinados contenidos del sitio web pertenecen a sus respectivos autores y son utilizados en esta web en virtud de la correspondiente licencia o autorizaci\u00f3n de los mismos. Al publicar contenidos en las secciones habilitadas al efecto en el sitio web, como pueden ser v\u00eddeos, fotograf\u00edas o comentarios, el usuario concede a l\u2019Eix-ample una licencia sobre los derechos de propiedad intelectual y\/o industrial que en su caso pudieran corresponderle sobre tales contenidos. Dicha licencia no es exclusiva y abarca la totalidad de los derechos y modalidades de explotaci\u00f3n de tales contenidos para todo el mundo y durante toda su vida legal, sin percibir por ello remuneraci\u00f3n alguna. Al suministrar los contenidos en el sentido indicado en este p\u00e1rrafo, el usuario garantiza que no est\u00e1 vulnerando ning\u00fan derecho de terceros, ni infringiendo ninguna disposici\u00f3n legal o reglamentaria. Por lo tanto l\u2019Eix-ample no se hace responsable respecto a posibles infracciones de derechos de propiedad intelectual y\/o industrial de terceros, ocasionadas por los contenidos suministrados por terceros. Asimismo l\u2019Eix-ample no responder\u00e1 de ning\u00fan da\u00f1o o perjuicio en personas o bienes que traiga como causa las opiniones, ideas o recomendaciones manifestadas en los contenidos publicados por los usuarios en el sitio web.<\/p>\n<p><strong>\u00c9tica y responsabilidad derivada del uso por parte del usuario de Internet y de la web corporativa <\/strong><\/p>\n<p>El usuario se compromete a utilizar la informaci\u00f3n y los servicios contenidos en la web corporativa exclusivamente para sus necesidades y a no realizar directa o indirectamente una explotaci\u00f3n comercial o profesional de los servicios a los que tiene acceso o de los resultados obtenidos gracias a la utilizaci\u00f3n de la web corporativa, excepto en el caso de que haya obtenido el consentimiento expreso de l\u2019Eix-ample. El usuario queda obligado a no utilizar las facilidades y capacidades de la web corporativa para realizar o sugerir actividades prohibidas por la ley o para intentar atraer a los usuarios hacia otros servicios competidores. L\u2019Eix-ample no ser\u00e1 en ning\u00fan caso responsable del uso de la web corporativa que realice el usuario. El usuario se abstendr\u00e1 de llevar a cabo cualquier conducta en el uso de la web corporativa o de los recursos puestos a su disposici\u00f3n que atente contra los derechos de propiedad intelectual o industrial de l\u2019Eix-ample o de terceros, que vulnere o transgreda el honor, la intimidad personal o familiar o la imagen a terceros, o que sea il\u00edcito o atente contra la moralidad. El usuario se abstendr\u00e1 de llevar a cabo por cualquier medio cualquier destrucci\u00f3n, alteraci\u00f3n, inutilizaci\u00f3n o da\u00f1os de los datos, programas o documentos electr\u00f3nicos propiedad de l\u2019Eix-ample, as\u00ed como la introducci\u00f3n o difusi\u00f3n en la Red de programas, virus, miniaplicaciones o cualquier instrumento f\u00edsico o electr\u00f3nico que cause o sea susceptible de causar cualquier tipo de alteraci\u00f3n en la Red, el sistema o los equipos de terceros. Queda expresamente prohibido borrar, modificar los mensajes de correo electr\u00f3nico de otros usuarios, enviar mensajes de correo masivo, con fines comerciales o publicitarios, as\u00ed como desarrollar cualquier tipo de actividad o pr\u00e1ctica que transgreda los principios de buena conducta aceptados generalmente entre los usuarios de Internet. El acceso al sitio web no implica la obligaci\u00f3n por parte de l\u2019Eix-ample de controlar la ausencia de virus o de cualquier otro elemento inform\u00e1tico da\u00f1ino, correspondiendo al usuario disponer de herramientas adecuadas para la detecci\u00f3n y desinfecci\u00f3n de programas inform\u00e1ticos da\u00f1inos. El acceso al sitio web requiere de servicios y suministros de terceros, incluido el transporte a trav\u00e9s de redes de telecomunicaciones, donde su fiabilidad, calidad, continuidad y funcionamiento no corresponde a l\u2019Eix-ample. En consecuencia, l\u2019Eix-ample no se har\u00e1 responsable de los da\u00f1os causados per el acceso al sitio web o por la imposibilidad de acceder. Tampoco podr\u00e1 hacerse responsable de los contenidos de aquellas p\u00e1ginas en las que los usuarios puedan acceder desde enlaces incluidos en el sitio web o de la informaci\u00f3n enviada por los usuarios a trav\u00e9s de las herramientas habilitadas en la web para introducir contenidos, como puedan ser blogs, foros o redes sociales, cuando no tenga conocimiento efectivo de que la informaci\u00f3n a la que llevan dichos enlaces, o de que la informaci\u00f3n almacenada es il\u00edcita o de que puede lesionar bienes o derechos de un tercero susceptibles de indemnizaci\u00f3n. En el momento en que tenga conocimiento efectivo de que contiene datos como los anteriormente referidos, l\u2019Eix-ample se compromete a actuar con diligencia para retirarlos o hacer imposible el acceso a ellos. L\u2019Eix-ample se compromete a solucionar los problemas que puedan surgir y ofrecer todo su apoyo necesario al usuario para obtener una soluci\u00f3n r\u00e1pida y satisfactoria de las incidencias que puedan surgir en el sitio web.<\/p>\n<p><strong>Enlaces<\/strong><\/p>\n<p>La web corporativa puede contener v\u00ednculos o enlaces a otros sitios web operados por personas f\u00edsicas o jur\u00eddicas diferentes a l\u2019Eix-ample. En estos casos, l\u2019Eix-ample act\u00faa como prestador de servicios de intermediaci\u00f3n y s\u00f3lo ser\u00e1 responsable de los contenidos y servicios de los sitios web enlazados en la medida en que tenga conocimiento efectivo de la ilicitud de los contenidos y servicios de estos sitios web y no haya desactivado el enlace con la debida diligencia. Si alguien quiere establecer un enlace con destino a la web corporativa, deber\u00e1 obtener la autorizaci\u00f3n previa y por escrito de l\u2019Eix-ample. No se autorizar\u00e1n en ning\u00fan caso enlaces a sitios web con informaci\u00f3n o contenidos il\u00edcitos o que sean contrarios a la moral, el orden p\u00fablico o las normas sociales generalmente aceptadas. Los enlaces autorizados s\u00f3lo podr\u00e1n dirigir al usuario a la p\u00e1gina principal de la web corporativa, quedando prohibido el denominado deep linking o enlace profundo, es decir, v\u00ednculos a cualquiera de las p\u00e1ginas del sitio web sin haber accedido a la misma a trav\u00e9s de la p\u00e1gina de entrada (homepage).<\/p>\n<p><strong>Redes Sociales, Blogs y Foros <\/strong><\/p>\n<p>L\u2019Eix-ample informa que dispone de un perfil en las siguientes redes sociales: Facebook, Instagram y Youtube (en adelante referidas como la Red Social). Todas ellas han sido creadas con la finalidad principal de publicitar los servicios y productos de l\u2019Eix-ample y permitir a los usuarios de la Red Social, que deben ser mayores de 14 a\u00f1os, compartir opiniones y hacer comentarios, compartir links, subir fotograf\u00edas, etc. para que est\u00e9n visibles en la Red Social. El usuario podr\u00e1 unirse a los grupos o perfiles que l\u2019Eix-ample tiene en las distintas redes sociales. El usuario que se haga fan de alguno de estos grupos o perfiles, mostrando as\u00ed inter\u00e9s en la informaci\u00f3n que se publicite en la red social, acepta las condiciones de uso y pol\u00edtica de privacidad de la red social correspondiente. Asimismo, los usuarios tienen la posibilidad de introducir contenidos en los blogs y foros de l\u2019Eix-ample, a modo de comentarios. En todo caso la publicaci\u00f3n de contenidos estar\u00e1 sujeta a las presentes Condiciones generales de uso del sitio Web y en particular a lo previsto en este apartado. Los comentarios y contenidos publicados en la Red Social o en cualquier blog o foro de l\u2019Eix-ample por parte de los usuarios pueden ser vistos por todos los usuarios y, en consecuencia, la cortes\u00eda y buen gusto son obligatorios. La persona identificada, en cada caso, como la que ha remitido los contenidos ser\u00e1 la responsable de los mismos. Cada usuario es responsable de sus interacciones con las Redes Sociales y los blogs y foros de l\u2019Eix-ample y en ning\u00fan caso las opiniones dadas por los usuarios de \u00e9stas representar\u00e1n la opini\u00f3n de l\u2019Eix-ample. L\u2019Eix-ample se reserva el derecho a moderar y, llegado el caso, a suprimir sin previo aviso, aquellos contenidos que puedan ser inapropiados u ofensivos. L\u2019Eix-ample no se responsabiliza de los v\u00eddeos, fotograf\u00edas y dem\u00e1s material que los usuarios compartan a trav\u00e9s de las herramientas habilitadas a estos efectos por las Redes Sociales o en los blogs o foros de l\u2019Eix-ample. Por ello, el usuario debe ser el leg\u00edtimo autor de las im\u00e1genes y v\u00eddeos que suba a la Red Social y\/o comparta en los blogs o foros de l\u2019Eix-ample, y deber\u00e1 contar con la autorizaci\u00f3n de las personas que aparezcan en dichas fotograf\u00edas o v\u00eddeos, en su caso. Asimismo, el usuario suministrador de los contenidos cede a l\u2019Eix-ample, en cualquier soporte, los derechos para su reproducci\u00f3n, uso, distribuci\u00f3n, comunicaci\u00f3n p\u00fablica o cualquier otro tipo de actividad sobre los mismos. Al hacerte fan de nuestras Redes Sociales est\u00e1 consintiendo:<\/p>\n<ul>\n<li>Al tratamiento de tus datos personales en el entorno de la Red Social conforme a sus pol\u00edticas de privacidad.<\/li>\n<li>El acceso por parte de DIR a la informaci\u00f3n p\u00fablica de tu perfil.<\/li>\n<li>Enviar mensajes individuales a trav\u00e9s de los canales de la Red Social, cuando ello est\u00e9 permitido.<\/li>\n<li>Recibir actualizaciones del estado de la p\u00e1gina de la Red Social de DIR en el perfil del usuario.<\/li>\n<\/ul>\n<p>El usuario en todo momento podr\u00e1 dejar de ser fan y dejar de recibir los contenidos de la Red Social. Tambi\u00e9n podr\u00e1 modificar y restringir con qui\u00e9n comparte sus conexiones a trav\u00e9s de su configuraci\u00f3n de privacidad.<\/p>\n<p><strong>Legislaci\u00f3n aplicable <\/strong><\/p>\n<p>Las presentes condiciones generales y el resto de condiciones establecidas en la web corporativa quedan sujetas a la ordenaci\u00f3n jur\u00eddica espa\u00f1ola. En caso de desavenencia o controversia entre las partes, \u00e9stas acuerdan someterse, a su libre elecci\u00f3n, y con renuncia a cualquier otro fuero o jurisdicci\u00f3n al que pudieran tener derechos, a los juzgados y tribunales de la ciudad correspondiente al domicilio del Usuario.<\/p>\n<p>&nbsp;<\/p>\n","protected":false},"excerpt":{"rendered":"<p>Condiciones generales de uso del sitio web Informaci\u00f3n general L\u2019EIX-AMPLE, CENTRO CREATIVO DEL MOVIMIENTO, con CIF n\u00fam. 37724003R y domicilio en la calle Bruc 125 Bajos, 08037 Barcelona, se encuentra inscrita en el Registro Mercantil de Barcelona, tomo 34.506, folio 184, hoja B-248890, inscripci\u00f3n 1.\u00aa Tel\u00e9fono: 93 457 61 40 \u00a0Direcci\u00f3n electr\u00f3nica: info@glorialerin.com. Objeto El [&hellip;]<\/p>\n","protected":false},"author":1,"featured_media":0,"parent":0,"menu_order":0,"comment_status":"closed","ping_status":"closed","template":"","meta":{"_et_pb_use_builder":"","_et_pb_old_content":"","_et_gb_content_width":"","footnotes":""},"class_list":["post-669","page","type-page","status-publish","hentry"],"yoast_head":"<!-- This site is optimized with the Yoast SEO plugin v26.2 - https:\/\/yoast.com\/wordpress\/plugins\/seo\/ -->\n<title>Aviso Legal - Glora Lerin<\/title>\n<meta name=\"robots\" content=\"index, follow, max-snippet:-1, max-image-preview:large, max-video-preview:-1\" \/>\n<link rel=\"canonical\" href=\"https:\/\/www.glorialerin.com\/terapias\/aviso-legal\/\" \/>\n<meta property=\"og:locale\" content=\"es_ES\" \/>\n<meta property=\"og:type\" content=\"article\" \/>\n<meta property=\"og:title\" content=\"Aviso Legal - Glora Lerin\" \/>\n<meta property=\"og:description\" content=\"Condiciones generales de uso del sitio web Informaci\u00f3n general L\u2019EIX-AMPLE, CENTRO CREATIVO DEL MOVIMIENTO, con CIF n\u00fam. 37724003R y domicilio en la calle Bruc 125 Bajos, 08037 Barcelona, se encuentra inscrita en el Registro Mercantil de Barcelona, tomo 34.506, folio 184, hoja B-248890, inscripci\u00f3n 1.\u00aa Tel\u00e9fono: 93 457 61 40 \u00a0Direcci\u00f3n electr\u00f3nica: info@glorialerin.com. Objeto El [&hellip;]\" \/>\n<meta property=\"og:url\" content=\"https:\/\/www.glorialerin.com\/terapias\/aviso-legal\/\" \/>\n<meta property=\"og:site_name\" content=\"Glora Lerin\" \/>\n<meta property=\"article:modified_time\" content=\"2018-06-01T08:53:16+00:00\" \/>\n<meta name=\"twitter:card\" content=\"summary_large_image\" \/>\n<meta name=\"twitter:label1\" content=\"Tiempo de lectura\" \/>\n\t<meta name=\"twitter:data1\" content=\"12 minutos\" \/>\n<script type=\"application\/ld+json\" class=\"yoast-schema-graph\">{\"@context\":\"https:\/\/schema.org\",\"@graph\":[{\"@type\":\"WebPage\",\"@id\":\"https:\/\/www.glorialerin.com\/terapias\/aviso-legal\/\",\"url\":\"https:\/\/www.glorialerin.com\/terapias\/aviso-legal\/\",\"name\":\"Aviso Legal - Glora Lerin\",\"isPartOf\":{\"@id\":\"https:\/\/www.glorialerin.com\/terapias\/#website\"},\"datePublished\":\"2018-06-01T08:48:46+00:00\",\"dateModified\":\"2018-06-01T08:53:16+00:00\",\"breadcrumb\":{\"@id\":\"https:\/\/www.glorialerin.com\/terapias\/aviso-legal\/#breadcrumb\"},\"inLanguage\":\"es\",\"potentialAction\":[{\"@type\":\"ReadAction\",\"target\":[\"https:\/\/www.glorialerin.com\/terapias\/aviso-legal\/\"]}]},{\"@type\":\"BreadcrumbList\",\"@id\":\"https:\/\/www.glorialerin.com\/terapias\/aviso-legal\/#breadcrumb\",\"itemListElement\":[{\"@type\":\"ListItem\",\"position\":1,\"name\":\"Portada\",\"item\":\"https:\/\/www.glorialerin.com\/terapias\/\"},{\"@type\":\"ListItem\",\"position\":2,\"name\":\"Aviso Legal\"}]},{\"@type\":\"WebSite\",\"@id\":\"https:\/\/www.glorialerin.com\/terapias\/#website\",\"url\":\"https:\/\/www.glorialerin.com\/terapias\/\",\"name\":\"Glora Lerin\",\"description\":\"\",\"potentialAction\":[{\"@type\":\"SearchAction\",\"target\":{\"@type\":\"EntryPoint\",\"urlTemplate\":\"https:\/\/www.glorialerin.com\/terapias\/?s={search_term_string}\"},\"query-input\":{\"@type\":\"PropertyValueSpecification\",\"valueRequired\":true,\"valueName\":\"search_term_string\"}}],\"inLanguage\":\"es\"}]}<\/script>\n<!-- \/ Yoast SEO plugin. -->","yoast_head_json":{"title":"Aviso Legal - Glora Lerin","robots":{"index":"index","follow":"follow","max-snippet":"max-snippet:-1","max-image-preview":"max-image-preview:large","max-video-preview":"max-video-preview:-1"},"canonical":"https:\/\/www.glorialerin.com\/terapias\/aviso-legal\/","og_locale":"es_ES","og_type":"article","og_title":"Aviso Legal - Glora Lerin","og_description":"Condiciones generales de uso del sitio web Informaci\u00f3n general L\u2019EIX-AMPLE, CENTRO CREATIVO DEL MOVIMIENTO, con CIF n\u00fam. 37724003R y domicilio en la calle Bruc 125 Bajos, 08037 Barcelona, se encuentra inscrita en el Registro Mercantil de Barcelona, tomo 34.506, folio 184, hoja B-248890, inscripci\u00f3n 1.\u00aa Tel\u00e9fono: 93 457 61 40 \u00a0Direcci\u00f3n electr\u00f3nica: info@glorialerin.com. Objeto El [&hellip;]","og_url":"https:\/\/www.glorialerin.com\/terapias\/aviso-legal\/","og_site_name":"Glora Lerin","article_modified_time":"2018-06-01T08:53:16+00:00","twitter_card":"summary_large_image","twitter_misc":{"Tiempo de lectura":"12 minutos"},"schema":{"@context":"https:\/\/schema.org","@graph":[{"@type":"WebPage","@id":"https:\/\/www.glorialerin.com\/terapias\/aviso-legal\/","url":"https:\/\/www.glorialerin.com\/terapias\/aviso-legal\/","name":"Aviso Legal - Glora Lerin","isPartOf":{"@id":"https:\/\/www.glorialerin.com\/terapias\/#website"},"datePublished":"2018-06-01T08:48:46+00:00","dateModified":"2018-06-01T08:53:16+00:00","breadcrumb":{"@id":"https:\/\/www.glorialerin.com\/terapias\/aviso-legal\/#breadcrumb"},"inLanguage":"es","potentialAction":[{"@type":"ReadAction","target":["https:\/\/www.glorialerin.com\/terapias\/aviso-legal\/"]}]},{"@type":"BreadcrumbList","@id":"https:\/\/www.glorialerin.com\/terapias\/aviso-legal\/#breadcrumb","itemListElement":[{"@type":"ListItem","position":1,"name":"Portada","item":"https:\/\/www.glorialerin.com\/terapias\/"},{"@type":"ListItem","position":2,"name":"Aviso Legal"}]},{"@type":"WebSite","@id":"https:\/\/www.glorialerin.com\/terapias\/#website","url":"https:\/\/www.glorialerin.com\/terapias\/","name":"Glora Lerin","description":"","potentialAction":[{"@type":"SearchAction","target":{"@type":"EntryPoint","urlTemplate":"https:\/\/www.glorialerin.com\/terapias\/?s={search_term_string}"},"query-input":{"@type":"PropertyValueSpecification","valueRequired":true,"valueName":"search_term_string"}}],"inLanguage":"es"}]}},"_links":{"self":[{"href":"https:\/\/www.glorialerin.com\/terapias\/wp-json\/wp\/v2\/pages\/669","targetHints":{"allow":["GET"]}}],"collection":[{"href":"https:\/\/www.glorialerin.com\/terapias\/wp-json\/wp\/v2\/pages"}],"about":[{"href":"https:\/\/www.glorialerin.com\/terapias\/wp-json\/wp\/v2\/types\/page"}],"author":[{"embeddable":true,"href":"https:\/\/www.glorialerin.com\/terapias\/wp-json\/wp\/v2\/users\/1"}],"replies":[{"embeddable":true,"href":"https:\/\/www.glorialerin.com\/terapias\/wp-json\/wp\/v2\/comments?post=669"}],"version-history":[{"count":5,"href":"https:\/\/www.glorialerin.com\/terapias\/wp-json\/wp\/v2\/pages\/669\/revisions"}],"predecessor-version":[{"id":679,"href":"https:\/\/www.glorialerin.com\/terapias\/wp-json\/wp\/v2\/pages\/669\/revisions\/679"}],"wp:attachment":[{"href":"https:\/\/www.glorialerin.com\/terapias\/wp-json\/wp\/v2\/media?parent=669"}],"curies":[{"name":"wp","href":"https:\/\/api.w.org\/{rel}","templated":true}]}}