{"id":1670,"date":"2019-07-08T07:30:29","date_gmt":"2019-07-08T07:30:29","guid":{"rendered":"https:\/\/www.glorialerin.com\/terapias\/como-liberarse-de-los-bloqueos-emocionales-la-inteligencia-emocional-2\/"},"modified":"2020-09-14T16:43:01","modified_gmt":"2020-09-14T16:43:01","slug":"enraizarse-en-la-tierra-abrir-el-corazon-y-realizar-nuestras-aspiraciones","status":"publish","type":"page","link":"https:\/\/www.glorialerin.com\/terapias\/enraizarse-en-la-tierra-abrir-el-corazon-y-realizar-nuestras-aspiraciones\/","title":{"rendered":"Enraizarse en la tierra, abrir el coraz\u00f3n y realizar nuestras aspiraciones"},"content":{"rendered":"<p>[et_pb_section bb_built=\u00bb1&#8243; fullwidth=\u00bbon\u00bb _builder_version=\u00bb3.17.2&#8243; next_background_color=\u00bb#000000&#8243;][et_pb_fullwidth_slider _builder_version=\u00bb3.17.2&#8243; custom_padding=\u00bb|0px||0px\u00bb box_shadow_blur=\u00bb10px\u00bb box_shadow_color=\u00bbrgba(0,0,0,0.1)\u00bb button_text_size__hover_enabled=\u00bboff\u00bb button_text_size__hover=\u00bbnull\u00bb button_one_text_size__hover_enabled=\u00bboff\u00bb button_one_text_size__hover=\u00bbnull\u00bb button_two_text_size__hover_enabled=\u00bboff\u00bb button_two_text_size__hover=\u00bbnull\u00bb button_text_color__hover_enabled=\u00bboff\u00bb button_text_color__hover=\u00bbnull\u00bb button_one_text_color__hover_enabled=\u00bboff\u00bb button_one_text_color__hover=\u00bbnull\u00bb button_two_text_color__hover_enabled=\u00bboff\u00bb button_two_text_color__hover=\u00bbnull\u00bb button_border_width__hover_enabled=\u00bboff\u00bb button_border_width__hover=\u00bbnull\u00bb button_one_border_width__hover_enabled=\u00bboff\u00bb button_one_border_width__hover=\u00bbnull\u00bb button_two_border_width__hover_enabled=\u00bboff\u00bb button_two_border_width__hover=\u00bbnull\u00bb button_border_color__hover_enabled=\u00bboff\u00bb button_border_color__hover=\u00bbnull\u00bb button_one_border_color__hover_enabled=\u00bboff\u00bb button_one_border_color__hover=\u00bbnull\u00bb button_two_border_color__hover_enabled=\u00bboff\u00bb button_two_border_color__hover=\u00bbnull\u00bb button_border_radius__hover_enabled=\u00bboff\u00bb button_border_radius__hover=\u00bbnull\u00bb button_one_border_radius__hover_enabled=\u00bboff\u00bb button_one_border_radius__hover=\u00bbnull\u00bb button_two_border_radius__hover_enabled=\u00bboff\u00bb button_two_border_radius__hover=\u00bbnull\u00bb button_letter_spacing__hover_enabled=\u00bboff\u00bb button_letter_spacing__hover=\u00bbnull\u00bb button_one_letter_spacing__hover_enabled=\u00bboff\u00bb button_one_letter_spacing__hover=\u00bbnull\u00bb button_two_letter_spacing__hover_enabled=\u00bboff\u00bb button_two_letter_spacing__hover=\u00bbnull\u00bb button_bg_color__hover_enabled=\u00bboff\u00bb button_bg_color__hover=\u00bbnull\u00bb button_one_bg_color__hover_enabled=\u00bboff\u00bb button_one_bg_color__hover=\u00bbnull\u00bb button_two_bg_color__hover_enabled=\u00bboff\u00bb button_two_bg_color__hover=\u00bbnull\u00bb][et_pb_slide heading=\u00bbENRAIZARSE EN LA TIERRA, ABRIR EL CORAZ\u00d3N Y REALIZAR NUESTRAS ASPIRACIONES\u00bb use_bg_overlay=\u00bboff\u00bb use_text_overlay=\u00bboff\u00bb _builder_version=\u00bb3.17.2&#8243; header_font=\u00bbMontserrat|700|||||||\u00bb header_font_size=\u00bb50px\u00bb header_font_size_tablet=\u00bb50px\u00bb header_font_size_phone=\u00bb50px\u00bb body_font=\u00bbMontserrat|700|||||||\u00bb body_font_size=\u00bb20px\u00bb body_font_size_tablet=\u00bb20px\u00bb body_font_size_phone=\u00bb20px\u00bb use_background_color_gradient=\u00bbon\u00bb background_color_gradient_start=\u00bb#ffffff\u00bb background_color_gradient_end=\u00bb#ffffff\u00bb background_image=\u00bbhttps:\/\/www.glorialerin.com\/terapias\/wp-content\/uploads\/2019\/07\/abrir-el-corazon-gloria-lerin.jpg\u00bb button_link=\u00bb#\u00bb url_new_window=\u00bboff\u00bb link_option_url_new_window=\u00bboff\u00bb background_color=\u00bb#f6eff9&#8243; background_color_gradient_type=\u00bblinear\u00bb background_color_gradient_direction=\u00bb180deg\u00bb background_color_gradient_direction_radial=\u00bbcenter\u00bb background_color_gradient_start_position=\u00bb0%\u00bb background_color_gradient_end_position=\u00bb100%\u00bb background_color_gradient_overlays_image=\u00bboff\u00bb parallax=\u00bboff\u00bb parallax_method=\u00bbon\u00bb background_size=\u00bbcover\u00bb background_position=\u00bbcenter\u00bb background_repeat=\u00bbno-repeat\u00bb background_blend=\u00bbnormal\u00bb allow_player_pause=\u00bboff\u00bb background_video_pause_outside_viewport=\u00bbon\u00bb text_border_radius=\u00bb3&#8243; alignment=\u00bbcenter\u00bb child_filter_hue_rotate=\u00bb0deg\u00bb child_filter_saturate=\u00bb100%\u00bb child_filter_brightness=\u00bb100%\u00bb child_filter_contrast=\u00bb100%\u00bb child_filter_invert=\u00bb0%\u00bb child_filter_sepia=\u00bb0%\u00bb child_filter_opacity=\u00bb100%\u00bb child_filter_blur=\u00bb0px\u00bb child_mix_blend_mode=\u00bbnormal\u00bb background_layout=\u00bbdark\u00bb text_shadow_style=\u00bbnone\u00bb header_text_shadow_style=\u00bbnone\u00bb body_text_shadow_style=\u00bbnone\u00bb custom_button=\u00bboff\u00bb button_bg_use_color_gradient=\u00bboff\u00bb button_bg_color_gradient_overlays_image=\u00bboff\u00bb button_use_icon=\u00bbon\u00bb button_on_hover=\u00bbon\u00bb button_text_shadow_style=\u00bbnone\u00bb box_shadow_style_button=\u00bbnone\u00bb hover_transition_duration=\u00bb300ms\u00bb hover_transition_delay=\u00bb0ms\u00bb hover_transition_speed_curve=\u00bbease\u00bb text_shadow_horizontal_length=\u00bb0em\u00bb text_shadow_vertical_length=\u00bb0em\u00bb text_shadow_blur_strength=\u00bb0em\u00bb header_text_shadow_horizontal_length=\u00bb0em\u00bb header_text_shadow_vertical_length=\u00bb0em\u00bb header_text_shadow_blur_strength=\u00bb0em\u00bb body_text_shadow_horizontal_length=\u00bb0em\u00bb body_text_shadow_vertical_length=\u00bb0em\u00bb body_text_shadow_blur_strength=\u00bb0em\u00bb button_text_shadow_horizontal_length=\u00bb0em\u00bb button_text_shadow_vertical_length=\u00bb0em\u00bb button_text_shadow_blur_strength=\u00bb0em\u00bb custom_padding_tablet=\u00bb50px||50px|\u00bb custom_padding_phone=\u00bb50px||50px|\u00bb custom_padding=\u00bb210px||210px|\u00bb header_text_color=\u00bb#ffffff\u00bb body_text_color=\u00bb#ffffff\u00bb]<\/p>\n<p>TALLER SEPTIEMBRE<\/p>\n<p>[\/et_pb_slide][\/et_pb_fullwidth_slider][\/et_pb_section][et_pb_section bb_built=\u00bb1&#8243; _builder_version=\u00bb3.0.92&#8243; custom_padding=\u00bb54px|0px|30px|0px\u00bb prev_background_color=\u00bb#000000&#8243; next_background_color=\u00bb#000000&#8243;][et_pb_row _builder_version=\u00bb3.0.92&#8243;][et_pb_column type=\u00bb1_2&#8243;][et_pb_text _builder_version=\u00bb3.17.2&#8243;]<\/p>\n<p><strong>Basado en el \u201cM\u00e9todo de liberaci\u00f3n de las corazas\u201d.<\/strong><\/p>\n<p>Nuestro cuerpo f\u00edsico es el veh\u00edculo con el que viajamos y evolucionamos a lo largo de nuestra vida. En nuestro interior habitan\u201c tres mundos\u201d, relacionados con  los diafragmas de nuestro cuerpo y con los chakras, que se interconectan entre s\u00ed e inmersos los unos en los otros, a la vez que conservan su especificidad.<\/p>\n<p><strong>El primer mundo es estar enraizado en la tierra.<\/strong> Incluye los pies, las piernas, el diafragma del perin\u00e9, la pelvis, la columna lumbar, los \u00f3rganos internos\u2026 Es el lugar en donde nos asentamos, a trav\u00e9s del cual nos arraigamos y establecemos la base de nuestro \u201cedificio\u201d. Estar enraizado en la tierra significa que hemos liberado a nuestro cuerpo de los recuerdos, condicionantes y tensiones acumuladas que aprisionaban nuestra energ\u00eda vital. Satisfacemos nuestras necesidades fundamentales. Encontramos la seguridad y la confianza en nosotros mismos.<\/p>\n<p>El segundo mundo significa el amor desinteresado, aut\u00e9ntico. Est\u00e1  ubicado en  la columna dorso-lumbar y dorsal, h\u00edgado, est\u00f3mago, coraz\u00f3n, pulmones\u2026 y comprende desde el diafragma tor\u00e1cico al clavicular. Est\u00e1 relacionado con el afecto, con el vivir con el coraz\u00f3n y no solo con la raz\u00f3n. Nos ayuda a aportar calidad a nuestra vida y a  responder a nuestros deseos, al amor hacia nosotros mismos, que es de lo que  se nutre el coraz\u00f3n. Asumimos la responsabilidad de cuidar de nosotros mismos, de nuestro ni\u00f1o interior, y compartimos el amor con los dem\u00e1s. Somos capaces de alimentar nuestro afecto sin depender de que los dem\u00e1s lo hagan. Nos liberamos de la Coraza del Mal Amado.<\/p>\n<p><strong>El tercer mundo es entrar en relaci\u00f3n con nuestra propia naturaleza, con nuestra identidad real.<\/strong> Es la capacidad de comuni\u00f3n con nuestra esencia, con nuestra fuerza de vida  y creatividad. Va desde el diafragma clavicular al craneal. \u00bfQu\u00e9 nos inspira en la vida? \u00bfNos permitimos realizar nuestras aspiraciones? Es importante que nos atrevamos a vivir lo que realmente queremos y realizar nuestros anhelos. Comprende la columna cervical, cabeza, mand\u00edbulas, nariz, ojos, orejas, boca, hemisferios craneales\u2026<\/p>\n<p>Para realizarnos como seres humanos, necesitamos encontrar un equilibrio en estos tres mundos, abandonar la supervivencia y atrevernos a vivir plenamente, reconociendo nuestros valores y talentos. En este taller vamos a practicar movimientos de despertar corporal que nos facilitaran contactar con nuestras sensaciones, liberarnos de las tensiones acumuladas, aumentar la capacidad respiratoria y, a la vez, comprender la dimensi\u00f3n psicol\u00f3gica del proceso que estamos viviendo<\/p>\n<p><strong><br \/>\nImpartido por Gloria Lerin<br \/>\nLugar: L\u2019eix-ample. C\/ Bruc 125 bajos. Barcelona<br \/>\nTel\u00e9fono: 93 457 61 40<br \/>\ninfo@glorialerin.com \/ www.glorialerin.com <\/strong><\/p>\n<p>[\/et_pb_text][\/et_pb_column][et_pb_column type=\u00bb1_2&#8243;][et_pb_text _builder_version=\u00bb3.17.2&#8243;]<\/p>\n<p><b>Taller Online y Presencial<\/b><\/p>\n<p><strong>Fecha:<\/strong><\/p>\n<p>S\u00e1bado 19 de setiembre 2020 de 10 a 13h i de 14:30 a 17:30h. <\/p>\n<p><strong>Precio del taller:<\/strong><br \/>\n75\u20ac<\/p>\n<p>Inscripciones hasta el 14 de setiembre a trav\u00e9s de una transferencia bancaria.<\/p>\n<p>[\/et_pb_text][et_pb_text _builder_version=\u00bb3.17.2&#8243;]<\/p>\n<p><iframe loading=\"lazy\" src=\"https:\/\/www.youtube.com\/embed\/Wk7WxasebbU\" allow=\"accelerometer; autoplay; encrypted-media; gyroscope; picture-in-picture\" allowfullscreen=\"\" width=\"560\" height=\"315\" frameborder=\"0\"><\/iframe><\/p>\n<p>[\/et_pb_text][\/et_pb_column][\/et_pb_row][\/et_pb_section][et_pb_section bb_built=\u00bb1&#8243; _builder_version=\u00bb3.0.92&#8243; custom_padding=\u00bb0px|0px|54px|0px\u00bb prev_background_color=\u00bb#000000&#8243;][et_pb_row _builder_version=\u00bb3.0.92&#8243; custom_padding=\u00bb0px|0px|27px|0px\u00bb][et_pb_column type=\u00bb1_2&#8243;][et_pb_image src=\u00bbhttps:\/\/www.glorialerin.com\/terapias\/wp-content\/uploads\/2018\/01\/mandala-metodo-liberacion-corazas-gloria-lerin.jpg\u00bb _builder_version=\u00bb3.17.2&#8243;]<\/p>\n<p>&nbsp;<\/p>\n<p>[\/et_pb_image][\/et_pb_column][et_pb_column type=\u00bb1_2&#8243;][et_pb_contact_form email=\u00bbinfo@glorialerin.com\u00bb title=\u00bb\u00bfQuieres enraizarte en la tierra, abrir el coraz\u00f3n y realizar tus aspiraciones?\u00bb module_id=\u00bbet_pb_contact_form_0&#8243; _builder_version=\u00bb3.17.2&#8243; title_font=\u00bbMontserrat|700|||||||\u00bb title_font_size=\u00bb16px\u00bb title_line_height=\u00bb2em\u00bb form_field_font=\u00bbMontserrat||||||||\u00bb custom_button=\u00bbon\u00bb button_text_color=\u00bb#626262&#8243; button_font=\u00bbMontserrat||||||||\u00bb][et_pb_contact_field field_id=\u00bbNombre\u00bb field_title=\u00bbNombre*\u00bb fullwidth_field=\u00bbon\u00bb _builder_version=\u00bb3.0.92&#8243; \/][et_pb_contact_field field_id=\u00bbCorreo_electr\u00f3nico\u00bb field_title=\u00bbCorreo electr\u00f3nico*\u00bb fullwidth_field=\u00bbon\u00bb _builder_version=\u00bb3.0.92&#8243; \/][et_pb_contact_field field_id=\u00bbTel\u00e9fono\u00bb field_title=\u00bbTel\u00e9fono\u00bb required_mark=\u00bboff\u00bb fullwidth_field=\u00bbon\u00bb _builder_version=\u00bb3.0.92&#8243; \/][et_pb_contact_field field_id=\u00bbMensaje\u00bb field_title=\u00bbMensaje*\u00bb field_type=\u00bbtext\u00bb fullwidth_field=\u00bbon\u00bb _builder_version=\u00bb3.0.92&#8243; border_radii=\u00bbon||||\u00bb \/][et_pb_contact_field _builder_version=\u00bb3.0.92&#8243; field_id=\u00bbPol\u00edtica_de_privacidad\u00bb field_type=\u00bbcheckbox\u00bb checkbox_checked=\u00bboff\u00bb checkbox_options=\u00bb%91{%22value%22:%22 He le\u00eddo y acepto la pol\u00edtica de privacidad.%22,%22checked%22:0}%93&#8243; radio_options=\u00bb%91{%22value%22:%22%22,%22checked%22:0}%93&#8243; select_options=\u00bb%91{%22value%22:%22%22,%22checked%22:0}%93&#8243; min_length=\u00bb0&#8243; max_length=\u00bb0&#8243; allowed_symbols=\u00bball\u00bb required_mark=\u00bbon\u00bb conditional_logic=\u00bboff\u00bb conditional_logic_relation=\u00bboff\u00bb conditional_logic_rules=\u00bb%91{%22field%22:%22nombre%22,%22condition%22:%22is%22,%22value%22:%22%22}%93&#8243; use_background_color_gradient=\u00bboff\u00bb background_color_gradient_start=\u00bb#2b87da\u00bb background_color_gradient_end=\u00bb#29c4a9&#8243; background_color_gradient_type=\u00bblinear\u00bb background_color_gradient_direction=\u00bb180deg\u00bb background_color_gradient_direction_radial=\u00bbcenter\u00bb background_color_gradient_start_position=\u00bb0%\u00bb background_color_gradient_end_position=\u00bb100%\u00bb background_color_gradient_overlays_image=\u00bboff\u00bb parallax=\u00bboff\u00bb parallax_method=\u00bbon\u00bb background_size=\u00bbcover\u00bb background_position=\u00bbcenter\u00bb background_repeat=\u00bbno-repeat\u00bb background_blend=\u00bbnormal\u00bb allow_player_pause=\u00bboff\u00bb fullwidth_field=\u00bbon\u00bb form_field_font=\u00bb||||||||\u00bb field_title=\u00bb \u00bb \/][\/et_pb_contact_form][\/et_pb_column][\/et_pb_row][\/et_pb_section]<\/p>\n","protected":false},"excerpt":{"rendered":"<p>TALLER SEPTIEMBRE Basado en el \u201cM\u00e9todo de liberaci\u00f3n de las corazas\u201d. Nuestro cuerpo f\u00edsico es el veh\u00edculo con el que viajamos y evolucionamos a lo largo de nuestra vida. En nuestro interior habitan\u201c tres mundos\u201d, relacionados con los diafragmas de nuestro cuerpo y con los chakras, que se interconectan entre s\u00ed e inmersos los unos [&hellip;]<\/p>\n","protected":false},"author":1,"featured_media":0,"parent":0,"menu_order":0,"comment_status":"closed","ping_status":"closed","template":"","meta":{"_et_pb_use_builder":"on","_et_pb_old_content":"","_et_gb_content_width":"","footnotes":""},"class_list":["post-1670","page","type-page","status-publish","hentry"],"yoast_head":"<!-- This site is optimized with the Yoast SEO plugin v26.2 - https:\/\/yoast.com\/wordpress\/plugins\/seo\/ -->\n<title>Enraizarse en la tierra, abrir el coraz\u00f3n y realizar nuestras aspiraciones - Glora Lerin<\/title>\n<meta name=\"robots\" content=\"index, follow, max-snippet:-1, max-image-preview:large, max-video-preview:-1\" \/>\n<link rel=\"canonical\" href=\"https:\/\/www.glorialerin.com\/terapias\/enraizarse-en-la-tierra-abrir-el-corazon-y-realizar-nuestras-aspiraciones\/\" \/>\n<meta property=\"og:locale\" content=\"es_ES\" \/>\n<meta property=\"og:type\" content=\"article\" \/>\n<meta property=\"og:title\" content=\"Enraizarse en la tierra, abrir el coraz\u00f3n y realizar nuestras aspiraciones - Glora Lerin\" \/>\n<meta property=\"og:description\" content=\"TALLER SEPTIEMBRE Basado en el \u201cM\u00e9todo de liberaci\u00f3n de las corazas\u201d. Nuestro cuerpo f\u00edsico es el veh\u00edculo con el que viajamos y evolucionamos a lo largo de nuestra vida. En nuestro interior habitan\u201c tres mundos\u201d, relacionados con los diafragmas de nuestro cuerpo y con los chakras, que se interconectan entre s\u00ed e inmersos los unos [&hellip;]\" \/>\n<meta property=\"og:url\" content=\"https:\/\/www.glorialerin.com\/terapias\/enraizarse-en-la-tierra-abrir-el-corazon-y-realizar-nuestras-aspiraciones\/\" \/>\n<meta property=\"og:site_name\" content=\"Glora Lerin\" \/>\n<meta property=\"article:modified_time\" content=\"2020-09-14T16:43:01+00:00\" \/>\n<meta name=\"twitter:card\" content=\"summary_large_image\" \/>\n<meta name=\"twitter:label1\" content=\"Tiempo de lectura\" \/>\n\t<meta name=\"twitter:data1\" content=\"8 minutos\" \/>\n<script type=\"application\/ld+json\" class=\"yoast-schema-graph\">{\"@context\":\"https:\/\/schema.org\",\"@graph\":[{\"@type\":\"WebPage\",\"@id\":\"https:\/\/www.glorialerin.com\/terapias\/enraizarse-en-la-tierra-abrir-el-corazon-y-realizar-nuestras-aspiraciones\/\",\"url\":\"https:\/\/www.glorialerin.com\/terapias\/enraizarse-en-la-tierra-abrir-el-corazon-y-realizar-nuestras-aspiraciones\/\",\"name\":\"Enraizarse en la tierra, abrir el coraz\u00f3n y realizar nuestras aspiraciones - Glora Lerin\",\"isPartOf\":{\"@id\":\"https:\/\/www.glorialerin.com\/terapias\/#website\"},\"datePublished\":\"2019-07-08T07:30:29+00:00\",\"dateModified\":\"2020-09-14T16:43:01+00:00\",\"breadcrumb\":{\"@id\":\"https:\/\/www.glorialerin.com\/terapias\/enraizarse-en-la-tierra-abrir-el-corazon-y-realizar-nuestras-aspiraciones\/#breadcrumb\"},\"inLanguage\":\"es\",\"potentialAction\":[{\"@type\":\"ReadAction\",\"target\":[\"https:\/\/www.glorialerin.com\/terapias\/enraizarse-en-la-tierra-abrir-el-corazon-y-realizar-nuestras-aspiraciones\/\"]}]},{\"@type\":\"BreadcrumbList\",\"@id\":\"https:\/\/www.glorialerin.com\/terapias\/enraizarse-en-la-tierra-abrir-el-corazon-y-realizar-nuestras-aspiraciones\/#breadcrumb\",\"itemListElement\":[{\"@type\":\"ListItem\",\"position\":1,\"name\":\"Portada\",\"item\":\"https:\/\/www.glorialerin.com\/terapias\/\"},{\"@type\":\"ListItem\",\"position\":2,\"name\":\"Enraizarse en la tierra, abrir el coraz\u00f3n y realizar nuestras aspiraciones\"}]},{\"@type\":\"WebSite\",\"@id\":\"https:\/\/www.glorialerin.com\/terapias\/#website\",\"url\":\"https:\/\/www.glorialerin.com\/terapias\/\",\"name\":\"Glora Lerin\",\"description\":\"\",\"potentialAction\":[{\"@type\":\"SearchAction\",\"target\":{\"@type\":\"EntryPoint\",\"urlTemplate\":\"https:\/\/www.glorialerin.com\/terapias\/?s={search_term_string}\"},\"query-input\":{\"@type\":\"PropertyValueSpecification\",\"valueRequired\":true,\"valueName\":\"search_term_string\"}}],\"inLanguage\":\"es\"}]}<\/script>\n<!-- \/ Yoast SEO plugin. -->","yoast_head_json":{"title":"Enraizarse en la tierra, abrir el coraz\u00f3n y realizar nuestras aspiraciones - Glora Lerin","robots":{"index":"index","follow":"follow","max-snippet":"max-snippet:-1","max-image-preview":"max-image-preview:large","max-video-preview":"max-video-preview:-1"},"canonical":"https:\/\/www.glorialerin.com\/terapias\/enraizarse-en-la-tierra-abrir-el-corazon-y-realizar-nuestras-aspiraciones\/","og_locale":"es_ES","og_type":"article","og_title":"Enraizarse en la tierra, abrir el coraz\u00f3n y realizar nuestras aspiraciones - Glora Lerin","og_description":"TALLER SEPTIEMBRE Basado en el \u201cM\u00e9todo de liberaci\u00f3n de las corazas\u201d. Nuestro cuerpo f\u00edsico es el veh\u00edculo con el que viajamos y evolucionamos a lo largo de nuestra vida. En nuestro interior habitan\u201c tres mundos\u201d, relacionados con los diafragmas de nuestro cuerpo y con los chakras, que se interconectan entre s\u00ed e inmersos los unos [&hellip;]","og_url":"https:\/\/www.glorialerin.com\/terapias\/enraizarse-en-la-tierra-abrir-el-corazon-y-realizar-nuestras-aspiraciones\/","og_site_name":"Glora Lerin","article_modified_time":"2020-09-14T16:43:01+00:00","twitter_card":"summary_large_image","twitter_misc":{"Tiempo de lectura":"8 minutos"},"schema":{"@context":"https:\/\/schema.org","@graph":[{"@type":"WebPage","@id":"https:\/\/www.glorialerin.com\/terapias\/enraizarse-en-la-tierra-abrir-el-corazon-y-realizar-nuestras-aspiraciones\/","url":"https:\/\/www.glorialerin.com\/terapias\/enraizarse-en-la-tierra-abrir-el-corazon-y-realizar-nuestras-aspiraciones\/","name":"Enraizarse en la tierra, abrir el coraz\u00f3n y realizar nuestras aspiraciones - Glora Lerin","isPartOf":{"@id":"https:\/\/www.glorialerin.com\/terapias\/#website"},"datePublished":"2019-07-08T07:30:29+00:00","dateModified":"2020-09-14T16:43:01+00:00","breadcrumb":{"@id":"https:\/\/www.glorialerin.com\/terapias\/enraizarse-en-la-tierra-abrir-el-corazon-y-realizar-nuestras-aspiraciones\/#breadcrumb"},"inLanguage":"es","potentialAction":[{"@type":"ReadAction","target":["https:\/\/www.glorialerin.com\/terapias\/enraizarse-en-la-tierra-abrir-el-corazon-y-realizar-nuestras-aspiraciones\/"]}]},{"@type":"BreadcrumbList","@id":"https:\/\/www.glorialerin.com\/terapias\/enraizarse-en-la-tierra-abrir-el-corazon-y-realizar-nuestras-aspiraciones\/#breadcrumb","itemListElement":[{"@type":"ListItem","position":1,"name":"Portada","item":"https:\/\/www.glorialerin.com\/terapias\/"},{"@type":"ListItem","position":2,"name":"Enraizarse en la tierra, abrir el coraz\u00f3n y realizar nuestras aspiraciones"}]},{"@type":"WebSite","@id":"https:\/\/www.glorialerin.com\/terapias\/#website","url":"https:\/\/www.glorialerin.com\/terapias\/","name":"Glora Lerin","description":"","potentialAction":[{"@type":"SearchAction","target":{"@type":"EntryPoint","urlTemplate":"https:\/\/www.glorialerin.com\/terapias\/?s={search_term_string}"},"query-input":{"@type":"PropertyValueSpecification","valueRequired":true,"valueName":"search_term_string"}}],"inLanguage":"es"}]}},"_links":{"self":[{"href":"https:\/\/www.glorialerin.com\/terapias\/wp-json\/wp\/v2\/pages\/1670","targetHints":{"allow":["GET"]}}],"collection":[{"href":"https:\/\/www.glorialerin.com\/terapias\/wp-json\/wp\/v2\/pages"}],"about":[{"href":"https:\/\/www.glorialerin.com\/terapias\/wp-json\/wp\/v2\/types\/page"}],"author":[{"embeddable":true,"href":"https:\/\/www.glorialerin.com\/terapias\/wp-json\/wp\/v2\/users\/1"}],"replies":[{"embeddable":true,"href":"https:\/\/www.glorialerin.com\/terapias\/wp-json\/wp\/v2\/comments?post=1670"}],"version-history":[{"count":15,"href":"https:\/\/www.glorialerin.com\/terapias\/wp-json\/wp\/v2\/pages\/1670\/revisions"}],"predecessor-version":[{"id":2169,"href":"https:\/\/www.glorialerin.com\/terapias\/wp-json\/wp\/v2\/pages\/1670\/revisions\/2169"}],"wp:attachment":[{"href":"https:\/\/www.glorialerin.com\/terapias\/wp-json\/wp\/v2\/media?parent=1670"}],"curies":[{"name":"wp","href":"https:\/\/api.w.org\/{rel}","templated":true}]}}